e remainder when 1524 is divided by 126.
12
What is the remainder when 4327 is divided by 13?
11
Calculate the remainder when 916 is divided by 129.
13
Calculate the remainder when 873 is divided by 129.
99
Calculate the remainder when 157 is divided by 8.
5
What is the remainder when 699 is divided by 117?
114
Calculate the remainder when 89 is divided by 13.
11
What is the remainder when 98 is divided by 30?
8
Calculate the remainder when 509 is divided by 51.
50
What is the remainder when 12 is divided by 4?
0
Calculate the remainder when 1544 is divided by 128.
8
Calculate the remainder when 317 is divided by 95.
32
Calculate the remainder when 6368 is divided by 15.
8
What is the remainder when 248 is divided by 6?
2
Calculate the remainder when 263 is divided by 55.
43
What is the remainder when 1425 is divided by 204?
201
Calculate the remainder when 181 is divided by 79.
23
Calculate the remainder when 1004 is divided by 52.
16
What is the remainder when 1196 is divided by 126?
62
Calculate the remainder when 1663 is divided by 167.
160
Calculate the remainder when 237 is divided by 48.
45
Calculate the remainder when 85 is divided by 30.
25
Calculate the remainder when 288 is divided by 49.
43
Calculate the remainder when 459 is divided by 42.
39
What is the remainder when 845 is divided by 94?
93
Calculate the remainder when 779 is divided by 157.
151
Calculate the remainder when 125 is divided by 23.
10
What is the remainder when 2066 is divided by 188?
186
What is the remainder when 51 is divided by 7?
2
What is the remainder when 674 is divided by 323?
28
Calculate the remainder when 651 is divided by 19.
5
Calculate the remainder when 395 is divided by 26.
5
What is the remainder when 100 is divided by 22?
12
What is the remainder when 420 is divided by 107?
99
What is the remainder when 1362 is divided by 338?
10
What is the remainder when 1055 is divided by 8?
7
Calculate the remainder when 163 is divided by 30.
13
Calculate the remainder when 96 is divided by 34.
28
What is the remainder when 45 is divided by 19?
7
Calculate the remainder when 941 is divided by 23.
21
What is the remainder when 1774 is divided by 28?
10
Calculate the remainder when 875 is divided by 135.
65
Calculate the remainder when 10848 is divided by 155.
153
What is the remainder when 713 is divided by 351?
11
Calculate the remainder when 17 is divided by 1.
0
Calculate the remainder when 158 is divided by 86.
72
Calculate the remainder when 475 is divided by 61.
48
What is the remainder when 337 is divided by 53?
19
Calculate the remainder when 437 is divided by 94.
61
What is the remainder when 47 is divided by 16?
15
Calculate the remainder when 6384 is divided by 355.
349
Calculate the remainder when 18596 is divided by 62.
58
What is the remainder when 72 is divided by 32?
8
Calculate the remainder when 615 is divided by 44.
43
Calculate the remainder when 743 is divided by 247.
2
What is the remainder when 84 is divided by 49?
35
Calculate the remainder when 172 is divided by 30.
22
Calculate the remainder when 12216 is divided by 149.
147
Calculate the remainder when 1144 is divided by 89.
76
What is the remainder when 1250 is divided by 144?
98
What is the remainder when 706 is divided by 101?
100
Calculate the remainder when 88 is divided by 7.
4
What is the remainder when 404 is divided by 85?
64
What is the remainder when 147 is divided by 50?
47
What is the remainder when 425 is divided by 27?
20
Calculate the remainder when 4065 is divided by 2013.
39
Calculate the remainder when 295 is divided by 60.
55
What is the remainder when 1308 is divided by 42?
6
Calculate the remainder when 494 is divided by 130.
104
What is the remainder when 1357 is divided by 44?
37
Calculate the remainder when 165 is divided by 27.
3
What is the remainder when 118 is divided by 3?
1
What is the remainder when 2948 is divided by 583?
33
Calculate the remainder when 272 is divided by 23.
19
Calculate the remainder when 280 is divided by 17.
8
What is the remainder when 4147 is divided by 1376?
19
Calculate the remainder when 817 is divided by 419.
398
What is the remainder when 70 is divided by 31?
8
What is the remainder when 2126 is divided by 45?
11
Calculate the remainder when 145 is divided by 40.
25
Calculate the remainder when 1403 is divided by 16.
11
What is the remainder when 517 is divided by 53?
40
Calculate the remainder when 191 is divided by 44.
15
What is the remainder when 400 is divided by 80?
0
What is the remainder when 136 is divided by 74?
62
What is the remainder when 377 is divided by 24?
17
What is the remainder when 316 is divided by 64?
60
Calculate the remainder when 373 is divided by 125.
123
Calculate the remainder when 1058 is divided by 350.
8
What is the remainder when 58 is divided by 21?
16
What is the remainder when 7648 is divided by 51?
49
What is the remainder when 769 is divided by 105?
34
Calculate the remainder when 538 is divided by 6.
4
What is the remainder when 30 is divided by 8?
6
Calculate the remainder when 133 is divided by 130.
3
Calculate the remainder when 14 is divided by 5.
4
Calculate the remainder when 4054 is divided by 78.
76
Calculate the remainder when 932 is divided by 150.
32
What is the remainder when 1676 is divided by 55?
26
What is the remainder when 1197 is divided by 100?
97
What is the remainder when 147 is divided by 15?
12
What is the remainder when 803 is divided by 383?
37
What is the remainder when 2414 is divided by 78?
74
Calculate the remainder when 167 is divided by 34.
31
Calculate the remainder when 497 is divided by 50.
47
Calculate the remainder when 26955 is divided by 7.
5
Calculate the remainder when 5565 is divided by 10.
5
Calculate the remainder when 339 is divided by 326.
13
What is the remainder when 240 is divided by 222?
18
Calculate the remainder when 397 is divided by 6.
1
Calculate the remainder when 187 is divided by 21.
19
What is the remainder when 54 is divided by 19?
16
Calculate the remainder when 3502 is divided by 16.
14
What is the remainder when 845 is divided by 269?
38
Calculate the remainder when 1585 is divided by 15.
10
What is the remainder when 32954 is divided by 22?
20
What is the remainder when 439 is divided by 103?
27
What is the remainder when 24947 is divided by 108?
107
What is the remainder when 45 is divided by 8?
5
Calculate the remainder when 986 is divided by 38.
36
What is the remainder when 3001 is divided by 19?
18
Calculate the remainder when 428 is divided by 14.
8
What is the remainder when 3349 is divided by 99?
82
What is the remainder when 1966 is divided by 250?
216
What is the remainder when 36577 is divided by 62?
59
Calculate the remainder when 903 is divided by 57.
48
What is the remainder when 296 is divided by 100?
96
What is the remainder when 230 is divided by 39?
35
Calculate the remainder when 189 is divided by 10.
9
Calculate the remainder when 7102 is divided by 203.
200
Calculate the remainder when 1137 is divided by 67.
65
What is the remainder when 7404 is divided by 14?
12
Calculate the remainder when 139 is divided by 47.
45
Calculate the remainder when 70 is divided by 34.
2
What is the remainder when 488 is divided by 38?
32
Calculate the remainder when 26 is divided by 12.
2
Calculate the remainder when 461 is divided by 126.
83
Calculate the remainder when 1781 is divided by 18.
17
Calculate the remainder when 3446 is divided by 5.
1
What is the remainder when 302 is divided by 16?
14
Calculate the remainder when 33 is divided by 10.
3
Calculate the remainder when 849 is divided by 111.
72
What is the remainder when 82 is divided by 55?
27
Calculate the remainder when 32 is divided by 7.
4
What is the remainder when 825 is divided by 59?
58
What is the remainder when 632 is divided by 25?
7
Calculate the remainder when 364 is divided by 47.
35
What is the remainder when 322 is divided by 41?
35
What is the remainder when 294 is divided by 27?
24
What is the remainder when 467 is divided by 119?
110
What is the remainder when 10855 is divided by 89?
86
What is the remainder when 79 is divided by 30?
19
Calculate the remainder when 165 is divided by 28.
25
Calculate the remainder when 395 is divided by 40